{"id":180,"date":"2019-06-01T18:48:55","date_gmt":"2019-06-01T21:48:55","guid":{"rendered":"https:\/\/beatrizleoni.com.br\/reformas\/?page_id=180"},"modified":"2023-07-24T16:18:42","modified_gmt":"2023-07-24T19:18:42","slug":"manutencao-predial","status":"publish","type":"page","link":"https:\/\/beatrizleoni.com.br\/reformas\/manutencao-predial\/","title":{"rendered":"Obras em condom\u00ednios"},"content":{"rendered":"<h2>Contru\u00e7\u00e3o e reforma em condom\u00ednios<\/h2>\n<p>A empresa <strong>Beatriz Leoni<\/strong> tem experi\u00eancia no atendimento a condom\u00ednios, s\u00edndicos e administradores, fornecendo desde manuten\u00e7\u00e3o predial preventiva &#8211; contratual ou avulsa &#8211; e reformas e constru\u00e7\u00f5es em \u00e1reas comuns de condom\u00ednios residenciais e comerciais.<br \/>\nSomos uma empresa reconhecida por atendimento \u00e1gil e pre\u00e7os competitivos e equipe altamente preparada e experiente para atender com efic\u00e1cia e efici\u00eancia com obras r\u00e1pidas e limpas.<\/p>\n<p>Dentre nossos servi\u00e7os, destacamos:<\/p>\n<div class=\"su-table su-table-responsive su-table-alternate\">\n<table>\n<tbody>\n<tr>\n<td width=\"50%\"><strong>Pintura e texturiza\u00e7\u00e3o\u00a0<\/strong><\/td>\n<td width=\"50%\"><strong>Pintura eletrost\u00e1tica e de demarca\u00e7\u00e3o vaga<\/strong><\/td>\n<\/tr>\n<tr>\n<td width=\"50%\"><strong>Repastilhamento de fachadas<\/strong><\/td>\n<td width=\"50%\"><strong>Troca de pisos e revestimentos<\/strong><\/td>\n<\/tr>\n<tr>\n<td width=\"50%\"><b>Limpeza e restaura\u00e7\u00e3o de fachada<\/b><\/td>\n<td width=\"50%\"><strong><b>Substitui\u00e7\u00e3o de grades, gradis e esquadrias<\/b><\/strong><\/td>\n<\/tr>\n<tr>\n<td><strong>Projeto de ilumina\u00e7\u00e3o<\/strong><\/td>\n<td><strong>Impermeabiliza\u00e7\u00e3o de lajes e coberturas<\/strong><\/td>\n<\/tr>\n<tr>\n<td><strong>Reforma em geral de \u00e1reas comuns<\/strong><\/td>\n<td><b>Constru\u00e7\u00e3o e reforma de piscina e sauna<\/b><\/td>\n<\/tr>\n<tr>\n<td><strong>Muros e cercamentos de \u00e1reas<\/strong><\/td>\n<td><strong>Instala\u00e7\u00e3o de equipamentos (split, g\u00e1s e etc)<\/strong><\/td>\n<\/tr>\n<tr>\n<td><strong>Instala\u00e7\u00e3o de vidros e esquadrias<\/strong><\/td>\n<td><strong>Restaura\u00e7\u00e3o de fachadas<\/strong><\/td>\n<\/tr>\n<tr>\n<td><strong>Licenca e legaliza\u00e7\u00e3o de obras<\/strong><\/td>\n<td><strong>Dentre outros servi\u00e7os.<\/strong><\/td>\n<\/tr>\n<\/tbody>\n<\/table>\n<\/div>\n<div class=\"su-image-carousel  su-image-carousel-has-spacing su-image-carousel-crop su-image-carousel-crop-4-3 su-image-carousel-has-lightbox su-image-carousel-has-outline su-image-carousel-adaptive su-image-carousel-slides-style-default su-image-carousel-controls-style-dark su-image-carousel-align-none\" style=\"\" data-flickity-options='{\"groupCells\":true,\"cellSelector\":\".su-image-carousel-item\",\"adaptiveHeight\":false,\"cellAlign\":\"left\",\"prevNextButtons\":true,\"pageDots\":false,\"autoPlay\":3000,\"imagesLoaded\":true,\"contain\":true,\"selectedAttraction\":0.025000000000000001387778780781445675529539585113525390625,\"friction\":0.2800000000000000266453525910037569701671600341796875}' id=\"su_image_carousel_69d9744ff168f\"><div class=\"su-image-carousel-item\"><div class=\"su-image-carousel-item-content\"><a href=\"https:\/\/beatrizleoni.com.br\/reformas\/wp-content\/uploads\/2019\/06\/ar_fachada.jpg\" target=\"_blank\" rel=\"noopener noreferrer\" data-caption=\"\" data-rel=\"lightbox-image-0\" data-rl_title=\"\" data-rl_caption=\"\" title=\"\"><img loading=\"lazy\" decoding=\"async\" width=\"800\" height=\"600\" src=\"https:\/\/beatrizleoni.com.br\/reformas\/wp-content\/uploads\/2019\/06\/ar_fachada.jpg\" class=\"\" alt=\"\" srcset=\"https:\/\/beatrizleoni.com.br\/reformas\/wp-content\/uploads\/2019\/06\/ar_fachada.jpg 800w, https:\/\/beatrizleoni.com.br\/reformas\/wp-content\/uploads\/2019\/06\/ar_fachada-300x225.jpg 300w, https:\/\/beatrizleoni.com.br\/reformas\/wp-content\/uploads\/2019\/06\/ar_fachada-768x576.jpg 768w, https:\/\/beatrizleoni.com.br\/reformas\/wp-content\/uploads\/2019\/06\/ar_fachada-360x270.jpg 360w\" sizes=\"auto, (max-width: 800px) 100vw, 800px\" \/><\/a><\/div><\/div><div class=\"su-image-carousel-item\"><div class=\"su-image-carousel-item-content\"><a href=\"https:\/\/beatrizleoni.com.br\/reformas\/wp-content\/uploads\/2021\/09\/010.jpg\" target=\"_blank\" rel=\"noopener noreferrer\" data-caption=\"\" data-rel=\"lightbox-image-1\" data-rl_title=\"\" data-rl_caption=\"\" title=\"\"><img loading=\"lazy\" decoding=\"async\" width=\"800\" height=\"600\" src=\"https:\/\/beatrizleoni.com.br\/reformas\/wp-content\/uploads\/2021\/09\/010.jpg\" class=\"\" alt=\"Constru\u00e7\u00e3o de piscina e deck Beatriz Leoni\" srcset=\"https:\/\/beatrizleoni.com.br\/reformas\/wp-content\/uploads\/2021\/09\/010.jpg 800w, https:\/\/beatrizleoni.com.br\/reformas\/wp-content\/uploads\/2021\/09\/010-300x225.jpg 300w, https:\/\/beatrizleoni.com.br\/reformas\/wp-content\/uploads\/2021\/09\/010-768x576.jpg 768w, https:\/\/beatrizleoni.com.br\/reformas\/wp-content\/uploads\/2021\/09\/010-360x270.jpg 360w\" sizes=\"auto, (max-width: 800px) 100vw, 800px\" \/><\/a><\/div><\/div><div class=\"su-image-carousel-item\"><div class=\"su-image-carousel-item-content\"><a href=\"https:\/\/beatrizleoni.com.br\/reformas\/wp-content\/uploads\/2020\/01\/eliminacao-de-bolsoes.jpg\" target=\"_blank\" rel=\"noopener noreferrer\" data-caption=\"Elimina\u00e7\u00e3o de bols\u00f5es\" data-rel=\"lightbox-image-2\" data-rl_title=\"\" data-rl_caption=\"\" title=\"\"><img loading=\"lazy\" decoding=\"async\" width=\"1024\" height=\"768\" src=\"https:\/\/beatrizleoni.com.br\/reformas\/wp-content\/uploads\/2020\/01\/eliminacao-de-bolsoes-1024x768.jpg\" class=\"\" alt=\"Elimina\u00e7\u00e3o de bols\u00f5es\" srcset=\"https:\/\/beatrizleoni.com.br\/reformas\/wp-content\/uploads\/2020\/01\/eliminacao-de-bolsoes-1024x768.jpg 1024w, https:\/\/beatrizleoni.com.br\/reformas\/wp-content\/uploads\/2020\/01\/eliminacao-de-bolsoes-300x225.jpg 300w, https:\/\/beatrizleoni.com.br\/reformas\/wp-content\/uploads\/2020\/01\/eliminacao-de-bolsoes-768x576.jpg 768w, https:\/\/beatrizleoni.com.br\/reformas\/wp-content\/uploads\/2020\/01\/eliminacao-de-bolsoes-360x270.jpg 360w, https:\/\/beatrizleoni.com.br\/reformas\/wp-content\/uploads\/2020\/01\/eliminacao-de-bolsoes.jpg 1040w\" sizes=\"auto, (max-width: 1024px) 100vw, 1024px\" \/><\/a><\/div><\/div><div class=\"su-image-carousel-item\"><div class=\"su-image-carousel-item-content\"><a href=\"https:\/\/beatrizleoni.com.br\/reformas\/wp-content\/uploads\/2019\/06\/arte_imper1.jpg\" target=\"_blank\" rel=\"noopener noreferrer\" data-caption=\"\" data-rel=\"lightbox-image-3\" data-rl_title=\"\" data-rl_caption=\"\" title=\"\"><img loading=\"lazy\" decoding=\"async\" width=\"800\" height=\"600\" src=\"https:\/\/beatrizleoni.com.br\/reformas\/wp-content\/uploads\/2019\/06\/arte_imper1.jpg\" class=\"\" alt=\"\" srcset=\"https:\/\/beatrizleoni.com.br\/reformas\/wp-content\/uploads\/2019\/06\/arte_imper1.jpg 800w, https:\/\/beatrizleoni.com.br\/reformas\/wp-content\/uploads\/2019\/06\/arte_imper1-300x225.jpg 300w, https:\/\/beatrizleoni.com.br\/reformas\/wp-content\/uploads\/2019\/06\/arte_imper1-768x576.jpg 768w, https:\/\/beatrizleoni.com.br\/reformas\/wp-content\/uploads\/2019\/06\/arte_imper1-360x270.jpg 360w\" sizes=\"auto, (max-width: 800px) 100vw, 800px\" \/><\/a><\/div><\/div><div class=\"su-image-carousel-item\"><div class=\"su-image-carousel-item-content\"><a href=\"https:\/\/beatrizleoni.com.br\/reformas\/wp-content\/uploads\/2019\/06\/arte_telhados1.jpg\" target=\"_blank\" rel=\"noopener noreferrer\" data-caption=\"Reforma e constru\u00e7\u00e3o de telhados\" data-rel=\"lightbox-image-4\" data-rl_title=\"\" data-rl_caption=\"\" title=\"\"><img loading=\"lazy\" decoding=\"async\" width=\"800\" height=\"600\" src=\"https:\/\/beatrizleoni.com.br\/reformas\/wp-content\/uploads\/2019\/06\/arte_telhados1.jpg\" class=\"\" alt=\"Reforma e constru\u00e7\u00e3o de telhados no RJ Beatriz Leoni\" srcset=\"https:\/\/beatrizleoni.com.br\/reformas\/wp-content\/uploads\/2019\/06\/arte_telhados1.jpg 800w, https:\/\/beatrizleoni.com.br\/reformas\/wp-content\/uploads\/2019\/06\/arte_telhados1-300x225.jpg 300w, https:\/\/beatrizleoni.com.br\/reformas\/wp-content\/uploads\/2019\/06\/arte_telhados1-768x576.jpg 768w, https:\/\/beatrizleoni.com.br\/reformas\/wp-content\/uploads\/2019\/06\/arte_telhados1-360x270.jpg 360w\" sizes=\"auto, (max-width: 800px) 100vw, 800px\" \/><\/a><\/div><\/div><div class=\"su-image-carousel-item\"><div class=\"su-image-carousel-item-content\"><a href=\"https:\/\/beatrizleoni.com.br\/reformas\/wp-content\/uploads\/2019\/06\/art_ar.jpg\" target=\"_blank\" rel=\"noopener noreferrer\" data-caption=\"\" data-rel=\"lightbox-image-5\" data-rl_title=\"\" data-rl_caption=\"\" title=\"\"><img loading=\"lazy\" decoding=\"async\" width=\"800\" height=\"600\" src=\"https:\/\/beatrizleoni.com.br\/reformas\/wp-content\/uploads\/2019\/06\/art_ar.jpg\" class=\"\" alt=\"\" srcset=\"https:\/\/beatrizleoni.com.br\/reformas\/wp-content\/uploads\/2019\/06\/art_ar.jpg 800w, https:\/\/beatrizleoni.com.br\/reformas\/wp-content\/uploads\/2019\/06\/art_ar-300x225.jpg 300w, https:\/\/beatrizleoni.com.br\/reformas\/wp-content\/uploads\/2019\/06\/art_ar-768x576.jpg 768w, https:\/\/beatrizleoni.com.br\/reformas\/wp-content\/uploads\/2019\/06\/art_ar-360x270.jpg 360w\" sizes=\"auto, (max-width: 800px) 100vw, 800px\" \/><\/a><\/div><\/div><div class=\"su-image-carousel-item\"><div class=\"su-image-carousel-item-content\"><a href=\"https:\/\/beatrizleoni.com.br\/reformas\/wp-content\/uploads\/2019\/11\/laje02.jpg\" target=\"_blank\" rel=\"noopener noreferrer\" data-caption=\"Laje antes do processo de impermeabiliza\u00e7\u00e3o\" data-rel=\"lightbox-image-6\" data-rl_title=\"\" data-rl_caption=\"\" title=\"\"><img loading=\"lazy\" decoding=\"async\" width=\"960\" height=\"540\" src=\"https:\/\/beatrizleoni.com.br\/reformas\/wp-content\/uploads\/2019\/11\/laje02.jpg\" class=\"\" alt=\"Laje antes do processo de impermeabiliza\u00e7\u00e3o\" srcset=\"https:\/\/beatrizleoni.com.br\/reformas\/wp-content\/uploads\/2019\/11\/laje02.jpg 960w, https:\/\/beatrizleoni.com.br\/reformas\/wp-content\/uploads\/2019\/11\/laje02-300x169.jpg 300w, https:\/\/beatrizleoni.com.br\/reformas\/wp-content\/uploads\/2019\/11\/laje02-768x432.jpg 768w, https:\/\/beatrizleoni.com.br\/reformas\/wp-content\/uploads\/2019\/11\/laje02-360x203.jpg 360w\" sizes=\"auto, (max-width: 960px) 100vw, 960px\" \/><\/a><\/div><\/div><\/div><script id=\"su_image_carousel_69d9744ff168f_script\">if(window.SUImageCarousel){setTimeout(function() {window.SUImageCarousel.initGallery(document.getElementById(\"su_image_carousel_69d9744ff168f\"))}, 0);}var su_image_carousel_69d9744ff168f_script=document.getElementById(\"su_image_carousel_69d9744ff168f_script\");if(su_image_carousel_69d9744ff168f_script){su_image_carousel_69d9744ff168f_script.parentNode.removeChild(su_image_carousel_69d9744ff168f_script);}<\/script>\n<blockquote>\n<h2><strong>N\u00e3o erre nem desperdice: contrate uma empresa.<\/strong><\/h2>\n<\/blockquote>\n<ul>\n<li>Atuamos desde 2010 no segmento de constru\u00e7\u00e3o, reformas e projetos.<\/li>\n<li>Atendemos clientes em obras residenciais e comerciais em toda a cidade do Rio.<\/li>\n<li>Temos m\u00e3o de obra especializada, trabalhamos com produtos t\u00e9cnicos de primeira qualidade e somos comprometidos com bons resultados na sua obra, cumprindo prazos e mantendo<\/li>\n<li>Temos pre\u00e7os competitivos oferecendo pagamento facilitado.<\/li>\n<\/ul>\n<p><a href=\"https:\/\/beatrizleoni.com.br\/reformas\/contato\/\">Solicite um or\u00e7amento sem compromisso e fa\u00e7a sua obra residencial com Beatriz Leoni<\/a>!<\/p>\n<div class=\"social-icons\">\n<a href=\"https:\/\/www.instagram.com\/beatrizleonirj\/\" target=\"_blank\" class=\"fab fa-instagram\"><\/a>\n<a href=\"https:\/\/www.facebook.com\/Beatriz-Leoni-Constru%C3%A7%C3%A3o-e-Reformas-em-geral-ltda-1507999626197370\/\" target=\"_blank\" class=\"fab fa-facebook-f\"><\/a>\n<a href=\"https:\/\/web.whatsapp.com\/send?phone=+5521970157280\" target=\"_blank\" class=\"fab fa-whatsapp\"><\/a>\n<a href=\"tel:2132680748\" target=\"_blank\" class=\"fas fa-phone\"><\/a>\n<a href=\"https:\/\/www.youtube.com\/channel\/UCXEUagHHlLncXMZWprEY5hA\/\" target=\"_blank\" class=\"fab fa-youtube\"><\/a>\n<\/div>\n<p>&nbsp;<\/p>\n<p><img loading=\"lazy\" decoding=\"async\" class=\"aligncenter wp-image-1328 size-full\" src=\"https:\/\/beatrizleoni.com.br\/reformas\/wp-content\/uploads\/2023\/07\/banner25.jpg\" alt=\"\" width=\"785\" height=\"280\" srcset=\"https:\/\/beatrizleoni.com.br\/reformas\/wp-content\/uploads\/2023\/07\/banner25.jpg 785w, https:\/\/beatrizleoni.com.br\/reformas\/wp-content\/uploads\/2023\/07\/banner25-300x107.jpg 300w, https:\/\/beatrizleoni.com.br\/reformas\/wp-content\/uploads\/2023\/07\/banner25-768x274.jpg 768w\" sizes=\"auto, (max-width: 785px) 100vw, 785px\" \/><\/p>\n","protected":false},"excerpt":{"rendered":"<p>Contru\u00e7\u00e3o e reforma em condom\u00ednios A empresa Beatriz Leoni tem experi\u00eancia no atendimento a condom\u00ednios, s\u00edndicos e administradores, fornecendo desde manuten\u00e7\u00e3o predial preventiva &#8211; contratual ou avulsa &#8211; e reformas e constru\u00e7\u00f5es em \u00e1reas comuns de condom\u00ednios residenciais e comerciais. Somos uma empresa reconhecida por atendimento \u00e1gil e pre\u00e7os competitivos e equipe altamente preparada e experiente para atender com efic\u00e1cia e efici\u00eancia com obras r\u00e1pidas e limpas. Dentre nossos servi\u00e7os, destacamos: N\u00e3o erre nem desperdice: contrate uma empresa. Atuamos desde 2010 no segmento de constru\u00e7\u00e3o, reformas e projetos. Atendemos clientes em obras residenciais e comerciais em toda a cidade do&#8230; <\/p>\n","protected":false},"author":1,"featured_media":0,"parent":0,"menu_order":0,"comment_status":"closed","ping_status":"closed","template":"","meta":{"footnotes":"","_links_to":"","_links_to_target":""},"class_list":["post-180","page","type-page","status-publish","hentry"],"_links":{"self":[{"href":"https:\/\/beatrizleoni.com.br\/reformas\/wp-json\/wp\/v2\/pages\/180","targetHints":{"allow":["GET"]}}],"collection":[{"href":"https:\/\/beatrizleoni.com.br\/reformas\/wp-json\/wp\/v2\/pages"}],"about":[{"href":"https:\/\/beatrizleoni.com.br\/reformas\/wp-json\/wp\/v2\/types\/page"}],"author":[{"embeddable":true,"href":"https:\/\/beatrizleoni.com.br\/reformas\/wp-json\/wp\/v2\/users\/1"}],"replies":[{"embeddable":true,"href":"https:\/\/beatrizleoni.com.br\/reformas\/wp-json\/wp\/v2\/comments?post=180"}],"version-history":[{"count":8,"href":"https:\/\/beatrizleoni.com.br\/reformas\/wp-json\/wp\/v2\/pages\/180\/revisions"}],"predecessor-version":[{"id":1333,"href":"https:\/\/beatrizleoni.com.br\/reformas\/wp-json\/wp\/v2\/pages\/180\/revisions\/1333"}],"wp:attachment":[{"href":"https:\/\/beatrizleoni.com.br\/reformas\/wp-json\/wp\/v2\/media?parent=180"}],"curies":[{"name":"wp","href":"https:\/\/api.w.org\/{rel}","templated":true}]}}