{"id":26,"date":"2019-06-01T09:31:36","date_gmt":"2019-06-01T12:31:36","guid":{"rendered":"https:\/\/beatrizleoni.com.br\/reformas\/?page_id=26"},"modified":"2023-07-24T17:55:28","modified_gmt":"2023-07-24T20:55:28","slug":"projetos","status":"publish","type":"page","link":"https:\/\/beatrizleoni.com.br\/reformas\/projetos\/","title":{"rendered":"Projetos"},"content":{"rendered":"<h2>Projetos e Arquitetura<\/h2>\n<p>A empresa <strong>Beatriz Leoni<\/strong> possui setor pr\u00f3prio de <strong>arquitetura e projetos<\/strong>, Sob o CAU \/PJ 38514-0, coordenado por arquitetos, que atuam tanto na elabora\u00e7\u00e3o de projetos quanto na consultoria de obras executadas em andamento.<br \/>\nFornecemos ainda servi\u00e7os relacionados \u00e0 <strong>obten\u00e7\u00e3o de licen\u00e7a e legaliza\u00e7\u00e3o da obra<\/strong>, juntos aos \u00f3rg\u00e3os p\u00fablicos competentes.<\/p>\n<p><strong><a href=\"https:\/\/beatrizleoni.com.br\/reformas\/contato\/\">Fale conosco e solicite um projeto para sua pr\u00f3xima reforma ou constru\u00e7\u00e3o<\/a>.<\/strong><\/p>\n<div class=\"su-image-carousel  su-image-carousel-has-spacing su-image-carousel-crop su-image-carousel-crop-4-3 su-image-carousel-has-lightbox su-image-carousel-has-outline su-image-carousel-adaptive su-image-carousel-slides-style-default su-image-carousel-controls-style-dark su-image-carousel-align-none\" style=\"\" data-flickity-options='{\"groupCells\":true,\"cellSelector\":\".su-image-carousel-item\",\"adaptiveHeight\":false,\"cellAlign\":\"left\",\"prevNextButtons\":true,\"pageDots\":false,\"autoPlay\":3000,\"imagesLoaded\":true,\"contain\":true,\"selectedAttraction\":0.025000000000000001387778780781445675529539585113525390625,\"friction\":0.2800000000000000266453525910037569701671600341796875}' id=\"su_image_carousel_69d974260719d\"><div class=\"su-image-carousel-item\"><div class=\"su-image-carousel-item-content\"><a href=\"https:\/\/beatrizleoni.com.br\/reformas\/wp-content\/uploads\/2023\/07\/105.jpg\" target=\"_blank\" rel=\"noopener noreferrer\" data-caption=\"\" data-rel=\"lightbox-image-0\" data-rl_title=\"\" data-rl_caption=\"\" title=\"\"><img loading=\"lazy\" decoding=\"async\" width=\"960\" height=\"540\" src=\"https:\/\/beatrizleoni.com.br\/reformas\/wp-content\/uploads\/2023\/07\/105.jpg\" class=\"\" alt=\"\" srcset=\"https:\/\/beatrizleoni.com.br\/reformas\/wp-content\/uploads\/2023\/07\/105.jpg 960w, https:\/\/beatrizleoni.com.br\/reformas\/wp-content\/uploads\/2023\/07\/105-300x169.jpg 300w, https:\/\/beatrizleoni.com.br\/reformas\/wp-content\/uploads\/2023\/07\/105-768x432.jpg 768w\" sizes=\"auto, (max-width: 960px) 100vw, 960px\" \/><\/a><\/div><\/div><div class=\"su-image-carousel-item\"><div class=\"su-image-carousel-item-content\"><a href=\"https:\/\/beatrizleoni.com.br\/reformas\/wp-content\/uploads\/2023\/07\/113.jpg\" target=\"_blank\" rel=\"noopener noreferrer\" data-caption=\"\" data-rel=\"lightbox-image-1\" data-rl_title=\"\" data-rl_caption=\"\" title=\"\"><img loading=\"lazy\" decoding=\"async\" width=\"960\" height=\"540\" src=\"https:\/\/beatrizleoni.com.br\/reformas\/wp-content\/uploads\/2023\/07\/113.jpg\" class=\"\" alt=\"Constru\u00e7\u00e3o de piscinas\" srcset=\"https:\/\/beatrizleoni.com.br\/reformas\/wp-content\/uploads\/2023\/07\/113.jpg 960w, https:\/\/beatrizleoni.com.br\/reformas\/wp-content\/uploads\/2023\/07\/113-300x169.jpg 300w, https:\/\/beatrizleoni.com.br\/reformas\/wp-content\/uploads\/2023\/07\/113-768x432.jpg 768w\" sizes=\"auto, (max-width: 960px) 100vw, 960px\" \/><\/a><\/div><\/div><div class=\"su-image-carousel-item\"><div class=\"su-image-carousel-item-content\"><a href=\"https:\/\/beatrizleoni.com.br\/reformas\/wp-content\/uploads\/2023\/07\/107.jpg\" target=\"_blank\" rel=\"noopener noreferrer\" data-caption=\"\" data-rel=\"lightbox-image-2\" data-rl_title=\"\" data-rl_caption=\"\" title=\"\"><img loading=\"lazy\" decoding=\"async\" width=\"960\" height=\"540\" src=\"https:\/\/beatrizleoni.com.br\/reformas\/wp-content\/uploads\/2023\/07\/107.jpg\" class=\"\" alt=\"\" srcset=\"https:\/\/beatrizleoni.com.br\/reformas\/wp-content\/uploads\/2023\/07\/107.jpg 960w, https:\/\/beatrizleoni.com.br\/reformas\/wp-content\/uploads\/2023\/07\/107-300x169.jpg 300w, https:\/\/beatrizleoni.com.br\/reformas\/wp-content\/uploads\/2023\/07\/107-768x432.jpg 768w\" sizes=\"auto, (max-width: 960px) 100vw, 960px\" \/><\/a><\/div><\/div><div class=\"su-image-carousel-item\"><div class=\"su-image-carousel-item-content\"><a href=\"https:\/\/beatrizleoni.com.br\/reformas\/wp-content\/uploads\/2023\/07\/108.jpg\" target=\"_blank\" rel=\"noopener noreferrer\" data-caption=\"\" data-rel=\"lightbox-image-3\" data-rl_title=\"\" data-rl_caption=\"\" title=\"\"><img loading=\"lazy\" decoding=\"async\" width=\"960\" height=\"540\" src=\"https:\/\/beatrizleoni.com.br\/reformas\/wp-content\/uploads\/2023\/07\/108.jpg\" class=\"\" alt=\"Constru\u00e7\u00e3o de piscinas\" srcset=\"https:\/\/beatrizleoni.com.br\/reformas\/wp-content\/uploads\/2023\/07\/108.jpg 960w, https:\/\/beatrizleoni.com.br\/reformas\/wp-content\/uploads\/2023\/07\/108-300x169.jpg 300w, https:\/\/beatrizleoni.com.br\/reformas\/wp-content\/uploads\/2023\/07\/108-768x432.jpg 768w\" sizes=\"auto, (max-width: 960px) 100vw, 960px\" \/><\/a><\/div><\/div><div class=\"su-image-carousel-item\"><div class=\"su-image-carousel-item-content\"><a href=\"https:\/\/beatrizleoni.com.br\/reformas\/wp-content\/uploads\/2023\/07\/106.jpg\" target=\"_blank\" rel=\"noopener noreferrer\" data-caption=\"\" data-rel=\"lightbox-image-4\" data-rl_title=\"\" data-rl_caption=\"\" title=\"\"><img loading=\"lazy\" decoding=\"async\" width=\"960\" height=\"540\" src=\"https:\/\/beatrizleoni.com.br\/reformas\/wp-content\/uploads\/2023\/07\/106.jpg\" class=\"\" alt=\"\" srcset=\"https:\/\/beatrizleoni.com.br\/reformas\/wp-content\/uploads\/2023\/07\/106.jpg 960w, https:\/\/beatrizleoni.com.br\/reformas\/wp-content\/uploads\/2023\/07\/106-300x169.jpg 300w, https:\/\/beatrizleoni.com.br\/reformas\/wp-content\/uploads\/2023\/07\/106-768x432.jpg 768w\" sizes=\"auto, (max-width: 960px) 100vw, 960px\" \/><\/a><\/div><\/div><div class=\"su-image-carousel-item\"><div class=\"su-image-carousel-item-content\"><a href=\"https:\/\/beatrizleoni.com.br\/reformas\/wp-content\/uploads\/2023\/07\/099-1.jpg\" target=\"_blank\" rel=\"noopener noreferrer\" data-caption=\"\" data-rel=\"lightbox-image-5\" data-rl_title=\"\" data-rl_caption=\"\" title=\"\"><img loading=\"lazy\" decoding=\"async\" width=\"960\" height=\"540\" src=\"https:\/\/beatrizleoni.com.br\/reformas\/wp-content\/uploads\/2023\/07\/099-1.jpg\" class=\"\" alt=\"\" srcset=\"https:\/\/beatrizleoni.com.br\/reformas\/wp-content\/uploads\/2023\/07\/099-1.jpg 960w, https:\/\/beatrizleoni.com.br\/reformas\/wp-content\/uploads\/2023\/07\/099-1-300x169.jpg 300w, https:\/\/beatrizleoni.com.br\/reformas\/wp-content\/uploads\/2023\/07\/099-1-768x432.jpg 768w\" sizes=\"auto, (max-width: 960px) 100vw, 960px\" \/><\/a><\/div><\/div><div class=\"su-image-carousel-item\"><div class=\"su-image-carousel-item-content\"><a href=\"https:\/\/beatrizleoni.com.br\/reformas\/wp-content\/uploads\/2023\/07\/110.jpg\" target=\"_blank\" rel=\"noopener noreferrer\" data-caption=\"\" data-rel=\"lightbox-image-6\" data-rl_title=\"\" data-rl_caption=\"\" title=\"\"><img loading=\"lazy\" decoding=\"async\" width=\"960\" height=\"540\" src=\"https:\/\/beatrizleoni.com.br\/reformas\/wp-content\/uploads\/2023\/07\/110.jpg\" class=\"\" alt=\"Constru\u00e7\u00e3o de piscinas\" srcset=\"https:\/\/beatrizleoni.com.br\/reformas\/wp-content\/uploads\/2023\/07\/110.jpg 960w, https:\/\/beatrizleoni.com.br\/reformas\/wp-content\/uploads\/2023\/07\/110-300x169.jpg 300w, https:\/\/beatrizleoni.com.br\/reformas\/wp-content\/uploads\/2023\/07\/110-768x432.jpg 768w\" sizes=\"auto, (max-width: 960px) 100vw, 960px\" \/><\/a><\/div><\/div><div class=\"su-image-carousel-item\"><div class=\"su-image-carousel-item-content\"><a href=\"https:\/\/beatrizleoni.com.br\/reformas\/wp-content\/uploads\/2023\/07\/112.jpg\" target=\"_blank\" rel=\"noopener noreferrer\" data-caption=\"\" data-rel=\"lightbox-image-7\" data-rl_title=\"\" data-rl_caption=\"\" title=\"\"><img loading=\"lazy\" decoding=\"async\" width=\"960\" height=\"540\" src=\"https:\/\/beatrizleoni.com.br\/reformas\/wp-content\/uploads\/2023\/07\/112.jpg\" class=\"\" alt=\"Constru\u00e7\u00e3o de piscinas\" srcset=\"https:\/\/beatrizleoni.com.br\/reformas\/wp-content\/uploads\/2023\/07\/112.jpg 960w, https:\/\/beatrizleoni.com.br\/reformas\/wp-content\/uploads\/2023\/07\/112-300x169.jpg 300w, https:\/\/beatrizleoni.com.br\/reformas\/wp-content\/uploads\/2023\/07\/112-768x432.jpg 768w\" sizes=\"auto, (max-width: 960px) 100vw, 960px\" \/><\/a><\/div><\/div><div class=\"su-image-carousel-item\"><div class=\"su-image-carousel-item-content\"><a href=\"https:\/\/beatrizleoni.com.br\/reformas\/wp-content\/uploads\/2023\/07\/097.jpg\" target=\"_blank\" rel=\"noopener noreferrer\" data-caption=\"\" data-rel=\"lightbox-image-8\" data-rl_title=\"\" data-rl_caption=\"\" title=\"\"><img loading=\"lazy\" decoding=\"async\" width=\"960\" height=\"540\" src=\"https:\/\/beatrizleoni.com.br\/reformas\/wp-content\/uploads\/2023\/07\/097.jpg\" class=\"\" alt=\"\" srcset=\"https:\/\/beatrizleoni.com.br\/reformas\/wp-content\/uploads\/2023\/07\/097.jpg 960w, https:\/\/beatrizleoni.com.br\/reformas\/wp-content\/uploads\/2023\/07\/097-300x169.jpg 300w, https:\/\/beatrizleoni.com.br\/reformas\/wp-content\/uploads\/2023\/07\/097-768x432.jpg 768w\" sizes=\"auto, (max-width: 960px) 100vw, 960px\" \/><\/a><\/div><\/div><div class=\"su-image-carousel-item\"><div class=\"su-image-carousel-item-content\"><a href=\"https:\/\/beatrizleoni.com.br\/reformas\/wp-content\/uploads\/2023\/07\/103.jpg\" target=\"_blank\" rel=\"noopener noreferrer\" data-caption=\"\" data-rel=\"lightbox-image-9\" data-rl_title=\"\" data-rl_caption=\"\" title=\"\"><img loading=\"lazy\" decoding=\"async\" width=\"960\" height=\"540\" src=\"https:\/\/beatrizleoni.com.br\/reformas\/wp-content\/uploads\/2023\/07\/103.jpg\" class=\"\" alt=\"\" srcset=\"https:\/\/beatrizleoni.com.br\/reformas\/wp-content\/uploads\/2023\/07\/103.jpg 960w, https:\/\/beatrizleoni.com.br\/reformas\/wp-content\/uploads\/2023\/07\/103-300x169.jpg 300w, https:\/\/beatrizleoni.com.br\/reformas\/wp-content\/uploads\/2023\/07\/103-768x432.jpg 768w\" sizes=\"auto, (max-width: 960px) 100vw, 960px\" \/><\/a><\/div><\/div><div class=\"su-image-carousel-item\"><div class=\"su-image-carousel-item-content\"><a href=\"https:\/\/beatrizleoni.com.br\/reformas\/wp-content\/uploads\/2023\/07\/102-1.jpg\" target=\"_blank\" rel=\"noopener noreferrer\" data-caption=\"\" data-rel=\"lightbox-image-10\" data-rl_title=\"\" data-rl_caption=\"\" title=\"\"><img loading=\"lazy\" decoding=\"async\" width=\"960\" height=\"540\" src=\"https:\/\/beatrizleoni.com.br\/reformas\/wp-content\/uploads\/2023\/07\/102-1.jpg\" class=\"\" alt=\"\" srcset=\"https:\/\/beatrizleoni.com.br\/reformas\/wp-content\/uploads\/2023\/07\/102-1.jpg 960w, https:\/\/beatrizleoni.com.br\/reformas\/wp-content\/uploads\/2023\/07\/102-1-300x169.jpg 300w, https:\/\/beatrizleoni.com.br\/reformas\/wp-content\/uploads\/2023\/07\/102-1-768x432.jpg 768w\" sizes=\"auto, (max-width: 960px) 100vw, 960px\" \/><\/a><\/div><\/div><div class=\"su-image-carousel-item\"><div class=\"su-image-carousel-item-content\"><a href=\"https:\/\/beatrizleoni.com.br\/reformas\/wp-content\/uploads\/2023\/07\/101.jpg\" target=\"_blank\" rel=\"noopener noreferrer\" data-caption=\"\" data-rel=\"lightbox-image-11\" data-rl_title=\"\" data-rl_caption=\"\" title=\"\"><img loading=\"lazy\" decoding=\"async\" width=\"960\" height=\"540\" src=\"https:\/\/beatrizleoni.com.br\/reformas\/wp-content\/uploads\/2023\/07\/101.jpg\" class=\"\" alt=\"\" srcset=\"https:\/\/beatrizleoni.com.br\/reformas\/wp-content\/uploads\/2023\/07\/101.jpg 960w, https:\/\/beatrizleoni.com.br\/reformas\/wp-content\/uploads\/2023\/07\/101-300x169.jpg 300w, https:\/\/beatrizleoni.com.br\/reformas\/wp-content\/uploads\/2023\/07\/101-768x432.jpg 768w\" sizes=\"auto, (max-width: 960px) 100vw, 960px\" \/><\/a><\/div><\/div><div class=\"su-image-carousel-item\"><div class=\"su-image-carousel-item-content\"><a href=\"https:\/\/beatrizleoni.com.br\/reformas\/wp-content\/uploads\/2023\/07\/100-1.jpg\" target=\"_blank\" rel=\"noopener noreferrer\" data-caption=\"\" data-rel=\"lightbox-image-12\" data-rl_title=\"\" data-rl_caption=\"\" title=\"\"><img loading=\"lazy\" decoding=\"async\" width=\"960\" height=\"540\" src=\"https:\/\/beatrizleoni.com.br\/reformas\/wp-content\/uploads\/2023\/07\/100-1.jpg\" class=\"\" alt=\"\" srcset=\"https:\/\/beatrizleoni.com.br\/reformas\/wp-content\/uploads\/2023\/07\/100-1.jpg 960w, https:\/\/beatrizleoni.com.br\/reformas\/wp-content\/uploads\/2023\/07\/100-1-300x169.jpg 300w, https:\/\/beatrizleoni.com.br\/reformas\/wp-content\/uploads\/2023\/07\/100-1-768x432.jpg 768w\" sizes=\"auto, (max-width: 960px) 100vw, 960px\" \/><\/a><\/div><\/div><\/div><script id=\"su_image_carousel_69d974260719d_script\">if(window.SUImageCarousel){setTimeout(function() {window.SUImageCarousel.initGallery(document.getElementById(\"su_image_carousel_69d974260719d\"))}, 0);}var su_image_carousel_69d974260719d_script=document.getElementById(\"su_image_carousel_69d974260719d_script\");if(su_image_carousel_69d974260719d_script){su_image_carousel_69d974260719d_script.parentNode.removeChild(su_image_carousel_69d974260719d_script);}<\/script>\n<blockquote>\n<h2><strong>N\u00e3o erre nem desperdice: contrate uma empresa.<\/strong><\/h2>\n<\/blockquote>\n<ul>\n<li>Atuamos desde 2010 no segmento de constru\u00e7\u00e3o, reformas e projetos.<\/li>\n<li>Atendemos clientes em obras residenciais e comerciais em toda a cidade do Rio.<\/li>\n<li>Temos m\u00e3o de obra especializada, trabalhamos com produtos t\u00e9cnicos de primeira qualidade e somos comprometidos com bons resultados na sua obra, cumprindo prazos e mantendo<\/li>\n<li>Temos pre\u00e7os competitivos oferecendo pagamento facilitado.<\/li>\n<\/ul>\n<p><a href=\"https:\/\/beatrizleoni.com.br\/reformas\/contato\/\">Solicite um or\u00e7amento sem compromisso e fa\u00e7a sua obra residencial com Beatriz Leoni<\/a>!<\/p>\n<div class=\"social-icons\">\n<a href=\"https:\/\/www.instagram.com\/beatrizleonirj\/\" target=\"_blank\" class=\"fab fa-instagram\"><\/a>\n<a href=\"https:\/\/www.facebook.com\/Beatriz-Leoni-Constru%C3%A7%C3%A3o-e-Reformas-em-geral-ltda-1507999626197370\/\" target=\"_blank\" class=\"fab fa-facebook-f\"><\/a>\n<a href=\"https:\/\/web.whatsapp.com\/send?phone=+5521970157280\" target=\"_blank\" class=\"fab fa-whatsapp\"><\/a>\n<a href=\"tel:2132680748\" target=\"_blank\" class=\"fas fa-phone\"><\/a>\n<a href=\"https:\/\/www.youtube.com\/channel\/UCXEUagHHlLncXMZWprEY5hA\/\" target=\"_blank\" class=\"fab fa-youtube\"><\/a>\n<\/div>\n<p>&nbsp;<\/p>\n<p><img loading=\"lazy\" decoding=\"async\" class=\"aligncenter wp-image-1353 size-full\" src=\"https:\/\/beatrizleoni.com.br\/reformas\/wp-content\/uploads\/2023\/07\/banner27.jpg\" alt=\"Beatriz Leoni\" width=\"785\" height=\"280\" srcset=\"https:\/\/beatrizleoni.com.br\/reformas\/wp-content\/uploads\/2023\/07\/banner27.jpg 785w, https:\/\/beatrizleoni.com.br\/reformas\/wp-content\/uploads\/2023\/07\/banner27-300x107.jpg 300w, https:\/\/beatrizleoni.com.br\/reformas\/wp-content\/uploads\/2023\/07\/banner27-768x274.jpg 768w\" sizes=\"auto, (max-width: 785px) 100vw, 785px\" \/><\/p>\n","protected":false},"excerpt":{"rendered":"<p>Projetos e Arquitetura A empresa Beatriz Leoni possui setor pr\u00f3prio de arquitetura e projetos, Sob o CAU \/PJ 38514-0, coordenado por arquitetos, que atuam tanto na elabora\u00e7\u00e3o de projetos quanto na consultoria de obras executadas em andamento. Fornecemos ainda servi\u00e7os relacionados \u00e0 obten\u00e7\u00e3o de licen\u00e7a e legaliza\u00e7\u00e3o da obra, juntos aos \u00f3rg\u00e3os p\u00fablicos competentes. Fale conosco e solicite um projeto para sua pr\u00f3xima reforma ou constru\u00e7\u00e3o. N\u00e3o erre nem desperdice: contrate uma empresa. Atuamos desde 2010 no segmento de constru\u00e7\u00e3o, reformas e projetos. Atendemos clientes em obras residenciais e comerciais em toda a cidade do Rio. Temos m\u00e3o de obra&#8230; <\/p>\n","protected":false},"author":1,"featured_media":0,"parent":0,"menu_order":0,"comment_status":"closed","ping_status":"closed","template":"","meta":{"footnotes":"","_links_to":"","_links_to_target":""},"class_list":["post-26","page","type-page","status-publish","hentry"],"_links":{"self":[{"href":"https:\/\/beatrizleoni.com.br\/reformas\/wp-json\/wp\/v2\/pages\/26","targetHints":{"allow":["GET"]}}],"collection":[{"href":"https:\/\/beatrizleoni.com.br\/reformas\/wp-json\/wp\/v2\/pages"}],"about":[{"href":"https:\/\/beatrizleoni.com.br\/reformas\/wp-json\/wp\/v2\/types\/page"}],"author":[{"embeddable":true,"href":"https:\/\/beatrizleoni.com.br\/reformas\/wp-json\/wp\/v2\/users\/1"}],"replies":[{"embeddable":true,"href":"https:\/\/beatrizleoni.com.br\/reformas\/wp-json\/wp\/v2\/comments?post=26"}],"version-history":[{"count":12,"href":"https:\/\/beatrizleoni.com.br\/reformas\/wp-json\/wp\/v2\/pages\/26\/revisions"}],"predecessor-version":[{"id":1355,"href":"https:\/\/beatrizleoni.com.br\/reformas\/wp-json\/wp\/v2\/pages\/26\/revisions\/1355"}],"wp:attachment":[{"href":"https:\/\/beatrizleoni.com.br\/reformas\/wp-json\/wp\/v2\/media?parent=26"}],"curies":[{"name":"wp","href":"https:\/\/api.w.org\/{rel}","templated":true}]}}