{"id":34,"date":"2019-06-01T09:32:40","date_gmt":"2019-06-01T12:32:40","guid":{"rendered":"https:\/\/beatrizleoni.com.br\/reformas\/?page_id=34"},"modified":"2020-09-21T11:30:06","modified_gmt":"2020-09-21T14:30:06","slug":"nossos-diferenciais","status":"publish","type":"page","link":"https:\/\/beatrizleoni.com.br\/reformas\/nossos-diferenciais\/","title":{"rendered":"Sobre Beatriz Leoni"},"content":{"rendered":"<h2><strong>Diferenciais Beatriz Leoni<\/strong><\/h2>\n<hr \/>\n<h3><strong>Referencia em servi\u00e7os construtivos no Rio de Janeiro:<\/strong><\/h3>\n<p>Atuando no segmento construtivo desde 2010, a empresa <strong>Beatriz Leoni<\/strong> consolidou um nome de referencia em servi\u00e7os de constru\u00e7\u00e3o e reforma.<\/p>\n<hr \/>\n<h3><strong>M\u00e3o de obra especializada e produtos de primeira linha:<br \/>\n<\/strong><\/h3>\n<p>A equipe \u00e9 formada por m\u00e3o de obra experiente e especializada em cada etapa construtiva, utilizando produtos t\u00e9cnicos de primeira linha em cada obra.<br \/>\nO resultado se reflete em servi\u00e7os construtivos com garantia de alta qualidade e grande durabilidade.<\/p>\n<hr \/>\n<h3><strong>Comprometimento com resultados:<\/strong><\/h3>\n<p>Alem da excel\u00eancia em servi\u00e7os, a empresa atua com comprometimento com resultados, disponibilizando em cada obra assessoria completa para imprimir agilidade e obter maior efici\u00eancia em cada processo da obra.<\/p>\n<hr \/>\n<h3><strong>Respeito a prazos e cronograma de obra<\/strong><\/h3>\n<p>Estabelecemos um cronograma detalhando cada etapa da obra, deste modo, alcan\u00e7amos nossas metas com absoluto respeito aos prazos acordados em cada contrato.<\/p>\n<hr \/>\n<h3><strong>Projetos e Consultoria em Constru\u00e7\u00e3o<\/strong><\/h3>\n<p>A empresa se destaca ainda\u00a0 por servi\u00e7os de consultoria t\u00e9cnica e projetos , coordenados e elaborados pelo nosso arquiteto Gustavo Abrantes Alves (CAU\/RJ A443972).<\/p>\n<hr \/>\n<p><b>Se voc\u00ea\u00a0precisa construir ou reformar, sem abrir m\u00e3o de qualidade e prazo e pre\u00e7o competitivo, fale conosco e solicite um or\u00e7amento sem compromisso.<\/b><\/p>\n<hr \/>\n<div class=\"su-note\"  style=\"border-color:#dbdbdb;border-radius:3px;-moz-border-radius:3px;-webkit-border-radius:3px;\"><div class=\"su-note-inner su-u-clearfix su-u-trim\" style=\"background-color:#F5F5F5;border-color:#ffffff;color:#333333;border-radius:3px;-moz-border-radius:3px;-webkit-border-radius:3px;\">\n<h3><strong>N\u00e3o erre nem desperdice: fale conosco e deixe sua constru\u00e7\u00e3o ou reforma aos cuidados de uma empresa especializada em obras!<\/strong><\/h3>\n<\/div><\/div>\n\t\t<div id=\"instagram-gallery-feed-10\" class=\"instagram-gallery-feed\" data-feed=\"{&quot;id&quot;:10,&quot;account_id&quot;:&quot;3980103232106093&quot;,&quot;source&quot;:&quot;username&quot;,&quot;tag&quot;:&quot;wordpress&quot;,&quot;order_by&quot;:&quot;top_media&quot;,&quot;layout&quot;:&quot;carousel&quot;,&quot;limit&quot;:24,&quot;columns&quot;:3,&quot;spacing&quot;:10,&quot;lazy&quot;:true,&quot;responsive&quot;:{&quot;desktop&quot;:{&quot;columns&quot;:3,&quot;spacing&quot;:10},&quot;tablet&quot;:{&quot;columns&quot;:2,&quot;spacing&quot;:8},&quot;mobile&quot;:{&quot;columns&quot;:1,&quot;spacing&quot;:6},&quot;breakpoints&quot;:{&quot;tablet&quot;:768,&quot;mobile&quot;:480}},&quot;aspect_ratio&quot;:{&quot;width&quot;:1,&quot;height&quot;:1},&quot;highlight&quot;:{&quot;tag&quot;:&quot;&quot;,&quot;id&quot;:&quot;&quot;,&quot;position&quot;:&quot;&quot;},&quot;reel&quot;:{&quot;hide&quot;:false},&quot;copyright&quot;:{&quot;hide&quot;:false,&quot;placeholder&quot;:&quot;&quot;},&quot;profile&quot;:{&quot;display&quot;:false,&quot;username&quot;:&quot;&quot;,&quot;nickname&quot;:&quot;&quot;,&quot;website&quot;:&quot;&quot;,&quot;biography&quot;:&quot;&quot;,&quot;link_text&quot;:&quot;Follow&quot;,&quot;website_text&quot;:&quot;Website&quot;,&quot;avatar&quot;:&quot;&quot;},&quot;box&quot;:{&quot;display&quot;:false,&quot;padding&quot;:1,&quot;radius&quot;:0,&quot;background&quot;:&quot;#fefefe&quot;,&quot;profile&quot;:false,&quot;desc&quot;:&quot;&quot;,&quot;text_color&quot;:&quot;#000000&quot;},&quot;mask&quot;:{&quot;display&quot;:true,&quot;background&quot;:&quot;#000000&quot;,&quot;icon_color&quot;:&quot;#ffffff&quot;,&quot;likes_count&quot;:true,&quot;comments_count&quot;:true},&quot;card&quot;:{&quot;display&quot;:false,&quot;radius&quot;:1,&quot;font_size&quot;:12,&quot;background&quot;:&quot;#ffffff&quot;,&quot;background_hover&quot;:&quot;#ffffff&quot;,&quot;text_color&quot;:&quot;#000000&quot;,&quot;padding&quot;:5,&quot;likes_count&quot;:true,&quot;text_length&quot;:10,&quot;comments_count&quot;:true,&quot;text_align&quot;:&quot;left&quot;},&quot;carousel&quot;:{&quot;centered_slides&quot;:false,&quot;autoplay&quot;:false,&quot;autoplay_interval&quot;:3000,&quot;navarrows&quot;:true,&quot;navarrows_color&quot;:&quot;&quot;,&quot;pagination&quot;:true,&quot;pagination_color&quot;:&quot;&quot;},&quot;modal&quot;:{&quot;display&quot;:true,&quot;profile&quot;:false,&quot;media_description&quot;:false,&quot;likes_count&quot;:false,&quot;comments_count&quot;:false,&quot;comments_list&quot;:false,&quot;text_align&quot;:&quot;left&quot;,&quot;modal_align&quot;:&quot;right&quot;,&quot;text_length&quot;:10000,&quot;font_size&quot;:12},&quot;button&quot;:{&quot;display&quot;:true,&quot;text&quot;:&quot;Clique e veja + Fotos no Instagram&quot;,&quot;text_color&quot;:&quot;#ffff&quot;,&quot;background&quot;:&quot;&quot;,&quot;background_hover&quot;:&quot;&quot;},&quot;button_load&quot;:{&quot;display&quot;:false,&quot;text&quot;:&quot;Load more...&quot;,&quot;text_color&quot;:&quot;#ffff&quot;,&quot;background&quot;:&quot;&quot;,&quot;background_hover&quot;:&quot;&quot;}}\">\n\t\t<!-- <FeedContainer\/> -->\n\t\t<\/div>\n\t\t\n<p><img loading=\"lazy\" decoding=\"async\" class=\"aligncenter size-full wp-image-254\" src=\"https:\/\/beatrizleoni.com.br\/reformas\/wp-content\/uploads\/2019\/06\/banner_gif.gif\" alt=\"\" width=\"785\" height=\"280\" \/><\/p>\n<p>&nbsp;<\/p>\n","protected":false},"excerpt":{"rendered":"<p>Diferenciais Beatriz Leoni Referencia em servi\u00e7os construtivos no Rio de Janeiro: Atuando no segmento construtivo desde 2010, a empresa Beatriz Leoni consolidou um nome de referencia em servi\u00e7os de constru\u00e7\u00e3o e reforma. M\u00e3o de obra especializada e produtos de primeira linha: A equipe \u00e9 formada por m\u00e3o de obra experiente e especializada em cada etapa construtiva, utilizando produtos t\u00e9cnicos de primeira linha em cada obra. O resultado se reflete em servi\u00e7os construtivos com garantia de alta qualidade e grande durabilidade. Comprometimento com resultados: Alem da excel\u00eancia em servi\u00e7os, a empresa atua com comprometimento com resultados, disponibilizando em cada obra assessoria&#8230; <\/p>\n","protected":false},"author":1,"featured_media":0,"parent":0,"menu_order":0,"comment_status":"closed","ping_status":"closed","template":"","meta":{"footnotes":"","_links_to":"","_links_to_target":""},"class_list":["post-34","page","type-page","status-publish","hentry"],"_links":{"self":[{"href":"https:\/\/beatrizleoni.com.br\/reformas\/wp-json\/wp\/v2\/pages\/34","targetHints":{"allow":["GET"]}}],"collection":[{"href":"https:\/\/beatrizleoni.com.br\/reformas\/wp-json\/wp\/v2\/pages"}],"about":[{"href":"https:\/\/beatrizleoni.com.br\/reformas\/wp-json\/wp\/v2\/types\/page"}],"author":[{"embeddable":true,"href":"https:\/\/beatrizleoni.com.br\/reformas\/wp-json\/wp\/v2\/users\/1"}],"replies":[{"embeddable":true,"href":"https:\/\/beatrizleoni.com.br\/reformas\/wp-json\/wp\/v2\/comments?post=34"}],"version-history":[{"count":17,"href":"https:\/\/beatrizleoni.com.br\/reformas\/wp-json\/wp\/v2\/pages\/34\/revisions"}],"predecessor-version":[{"id":906,"href":"https:\/\/beatrizleoni.com.br\/reformas\/wp-json\/wp\/v2\/pages\/34\/revisions\/906"}],"wp:attachment":[{"href":"https:\/\/beatrizleoni.com.br\/reformas\/wp-json\/wp\/v2\/media?parent=34"}],"curies":[{"name":"wp","href":"https:\/\/api.w.org\/{rel}","templated":true}]}}